7224?
164
Calculate the greatest common factor of 239110 and 70.
10
Calculate the highest common divisor of 58 and 6830573.
29
What is the greatest common factor of 414 and 6647?
23
Calculate the highest common factor of 153216 and 4599.
63
Calculate the highest common factor of 13637 and 13.
13
What is the highest common factor of 365309 and 1771?
161
Calculate the highest common divisor of 7215 and 3315.
195
What is the highest common factor of 8964 and 8300?
332
Calculate the greatest common divisor of 1230698 and 238.
238
Calculate the highest common factor of 1929 and 129.
3
Calculate the highest common factor of 23751 and 15561.
819
Calculate the greatest common factor of 4524 and 252996.
348
What is the greatest common factor of 393 and 2210756?
131
What is the greatest common factor of 858 and 19822?
22
Calculate the greatest common factor of 313986 and 4386.
258
What is the greatest common factor of 22 and 4053962?
22
What is the greatest common divisor of 24158 and 1786?
94
What is the highest common divisor of 15 and 3530?
5
Calculate the greatest common divisor of 176137 and 1105.
221
What is the greatest common factor of 210 and 1830?
30
What is the greatest common divisor of 1071 and 2173773?
357
What is the greatest common divisor of 594 and 20709?
27
What is the greatest common factor of 314 and 19939?
157
What is the greatest common factor of 63453 and 71588?
1627
What is the highest common divisor of 20 and 13116?
4
Calculate the greatest common factor of 884 and 262344.
68
Calculate the greatest common divisor of 58185 and 135.
135
Calculate the greatest common factor of 6391 and 2079.
77
What is the greatest common divisor of 649240 and 80?
40
What is the greatest common divisor of 3264 and 1694424?
408
What is the greatest common divisor of 18 and 17820?
18
What is the greatest common factor of 890 and 23890?
10
Calculate the highest common divisor of 24 and 176368.
8
What is the highest common divisor of 22320 and 46944?
144
Calculate the greatest common factor of 195048 and 168.
168
Calculate the greatest common factor of 1846068 and 84.
84
What is the greatest common divisor of 5508 and 38862?
306
What is the greatest common divisor of 572 and 28444?
52
Calculate the greatest common factor of 1715 and 10805.
5
What is the greatest common divisor of 1272 and 188?
4
What is the highest common divisor of 62 and 99293?
31
What is the highest common divisor of 292 and 150307?
73
What is the greatest common factor of 52394 and 23?
23
What is the highest common divisor of 9917 and 10128?
211
Calculate the greatest common divisor of 116706 and 106.
106
Calculate the highest common factor of 350958 and 116.
58
Calculate the highest common divisor of 313084 and 116.
116
What is the highest common divisor of 19888 and 319451?
1243
What is the greatest common factor of 6575 and 458935?
1315
What is the greatest common factor of 224 and 19208?
56
What is the greatest common divisor of 169155 and 665?
35
Calculate the greatest common factor of 646 and 238.
34
Calculate the highest common divisor of 2950 and 826.
118
Calculate the greatest common factor of 5797 and 11067.
527
Calculate the highest common divisor of 806 and 6510.
62
What is the greatest common factor of 375 and 11175?
75
Calculate the greatest common factor of 83072 and 1144.
88
Calculate the highest common factor of 112 and 44.
4
What is the greatest common factor of 10428 and 193866?
474
Calculate the highest common factor of 12508 and 11682.
118
What is the highest common divisor of 14115 and 75?
15
Calculate the highest common divisor of 5364 and 23796.
36
What is the highest common factor of 35 and 396935?
35
Calculate the greatest common factor of 753 and 1768044.
753
What is the highest common divisor of 57 and 73093?
19
Calculate the greatest common factor of 20564 and 2716.
388
What is the highest common factor of 71712 and 14496?
96
Calculate the greatest common factor of 954 and 41058.
18
Calculate the highest common divisor of 1131 and 27885.
39
Calculate the greatest common factor of 122 and 976.
122
Calculate the highest common factor of 4312 and 2728.
88
Calculate the greatest common factor of 1135 and 85.
5
What is the greatest common factor of 224 and 70896?
112
What is the greatest common factor of 17280 and 3888?
432
What is the highest common factor of 174 and 25462?
58
Calculate the highest common divisor of 400 and 354176.
16
Calculate the highest common divisor of 1359 and 62212.
151
Calculate the greatest common divisor of 5936 and 128.
16
What is the highest common factor of 19153 and 2864?
179
What is the highest common factor of 8 and 32924?
4
What is the greatest common factor of 1976 and 6240?
104
What is the highest common divisor of 1400 and 14175?
175
Calculate the greatest common factor of 152 and 1000.
8
Calculate the highest common factor of 227304 and 21.
21
What is the highest common factor of 14 and 808598?
14
What is the greatest common factor of 1070 and 12626?
214
Calculate the highest common factor of 1984640 and 1680.
560
Calculate the greatest common factor of 90 and 93222.
18
What is the highest common divisor of 8165 and 25990?
115
What is the highest common factor of 1250 and 14250?
250
What is the highest common divisor of 440380 and 14755?
1135
Calculate the greatest common divisor of 1046781 and 214.
107
Calculate the greatest common divisor of 3373097 and 2121.
707
Calculate the highest common factor of 2358 and 648.
18
What is the greatest common factor of 16 and 15592?
8
Calculate the greatest common divisor of 3703408 and 16.
16
Calculate the greatest common divisor of 18 and 29286.
18
What is the greatest common factor of 6 and 58?
2
Calculate the highest common divisor of 6234 and 4470.
6
Calculate the greatest common factor of 78 and 4234542.
78
Calculate the greatest common factor of 24 and 355024.
8
What is the greatest common factor of 3731 and 5824?
91
What is the highest common factor of 19981 and 13?
13
What is the greatest common factor of 16 and 250680?
8
What is the highest common divisor of 3500 and 245?
35
What is the highest common factor of 276 and 69?
69
What is the greatest common divisor of 338725 and 51?
17
Calculate the highest common factor of 96 and 189006.
6
Calculate the highest common divisor of 247 and 35.
1
Calculate the highest common divisor of 337869 and 126.
63
Calculate the highest common factor of 600 and 41880.
120
Calculate the greatest common divisor of 44574 and 26197.
391
Calculate the highest common factor of 24057 and 45.
9
What is the greatest common factor of 13092 and 12?
12
What is the highest common divisor of 38 and 229064?
38
What is the highest common divisor of 87 and 33727?
29
Calculate the greatest common factor of 73998 and 9.
9
What is the greatest common factor of 2283 and 39?
3
Calculate the highest common factor of 2951 and 325.
13
Calculate the greatest common divisor of 32270 and 112.
14
What is the greatest common factor of 54 and 614016?
18
What is the greatest common factor of 214 and 3180896?
214
What is the greatest common divisor of 149637 and 124?
31
Calculate the highest common divisor of 200 and 338500.
100
Calculate the greatest common divisor of 9675 and 10639275.
3225
What is the highest common factor of 7192 and 136?
8
Calculate the greatest common divisor of 1696 and 12521568.
1696
Calculate the highest common factor of 375364 and 836.
836
What is the greatest common factor of 2868 and 267441?
717
What is the highest common factor of 1926670 and 10?
10
Calculate the greatest common divisor of 4913172 and 1368.
684
Calculate the greatest common factor of 3730 and 1250.
10
Calculate the highest common divisor of 364 and 53060.
28
Calculate the greatest common divisor of 4680 and 270.
90
What is the highest common divisor of 65 and 339755?
65
Calculate the greatest common factor of 672 and 1568.
224
Calculate the greatest common divisor of 1169856 and 9072.
432
What is the greatest common factor of 14 and 2728586?
14
Calculate the greatest common divisor of 587647 and 398.
199
Calculate the highest common factor of 98 and 2058784.
98
What is the highest common divisor of 1869 and 616503?
267
Calculate the highest common factor of 35340 and 32